 h be (s + 6)*5*2. Calculate the highest common divisor of 16 and h.
8
Let l = 44 + -23. Suppose -2*m = -5*i - 11, 159*m - 155*m - 2*i - 14 = 0. What is the greatest common divisor of l and m?
3
Suppose -5*g + 5*x - 1220 = -9*g, -5*x = -20. What is the highest common divisor of 60 and g?
60
Let r = 25 - 61. Let d be 486/10 - r/(-60). Calculate the highest common divisor of 32 and d.
16
Let m = 29 + 52. Calculate the highest common factor of 135 and m.
27
Let a be ((-13)/5)/(77/(-770)). What is the highest common factor of a and 78?
26
Let c(z) = -2*z + 2. Let d = 11 + -11. Let u be c(d). Suppose 0 = -4*k + u*k + 6. Calculate the greatest common divisor of 3 and k.
3
Let w be (348/(-9))/(6/(-36)). Suppose 3*a - 41 = -5*g + 92, -12 = 3*a. What is the greatest common factor of g and w?
29
Suppose 0*i + i = 75. Let z(o) be the first derivative of -3*o**2/2 + 48*o + 19. Let u be z(11). What is the greatest common factor of i and u?
15
Let t be 147/(-9) + 2/(-3). Let b = t + 20. Suppose -6 = -o + 3*f, -3*o + b = 3*f - 3. What is the greatest common factor of o and 3?
3
Suppose 15 = -m + 4*m. Suppose 2*a - 6*t - 132 = -2*t, 0 = m*t + 5. Let c = 1 + 7. What is the highest common factor of a and c?
8
Let w(v) = 3*v**2 - 8*v - 29. Let h be w(5). What is the greatest common factor of 159 and h?
3
Let k(d) = 3*d**3 - 2*d**2 - 7*d - 7. Let z be k(5). Let g = z + -191. Calculate the greatest common divisor of g and 23.
23
Let n = 82 + -77. Suppose o - 8 = -n. Calculate the highest common divisor of 6 and o.
3
Suppose -24 = 4*z - 296. Let h = -52 + z. Calculate the greatest common divisor of 24 and h.
8
Let o(w) = 3*w**2 - w - 6. Let d be o(-4). What is the highest common factor of d and 368?
46
Let z = 13 + -4. Let k be 32/24*z/6. Suppose 2*t - 6 = 0, 2*b - 5*t + k = -7. What is the highest common divisor of b and 24?
3
Let s(l) = -l - 4. Suppose -5*m = -f + 40, -m - 2*f = 4 + 4. Let o be s(m). Calculate the highest common factor of o and 3.
1
Suppose -2*r + 5*r = 654. Suppose d + r = 4*m - 0*d, 210 = 4*m + 3*d. Calculate the greatest common divisor of m and 6.
6
Suppose -8*b + 660 = 47*b. Let k = 2 - -1. Let p be (-1)/(k - (-794)/(-264)). Calculate the highest common divisor of p and b.
12
Let d(k) = -k**2 - k - 8. Let x be d(-7). Let m = x - -118. What is the greatest common factor of 17 and m?
17
Suppose 0*x - 3*x - 2*u + 296 = 0, -2*u = -4*x + 376. Suppose -16 + x = 5*c. What is the highest common divisor of c and 128?
16
Suppose -q + 2*p = -12 - 6, 3*q = -5*p + 87. Suppose -q = -w + b, 0*w + 64 = 3*w - b. Suppose z - w - 13 = 0. What is the highest common divisor of 22 and z?
11
Suppose -2*i + 43 = -7. Suppose 371 = 4*h - 329. Calculate the highest common divisor of h and i.
25
Let l(n) = 2*n - 5. Suppose 4*q = 6*q - 8. Let z be l(q). What is the highest common factor of 6 and z?
3
Suppose 0 = -w - 3*k + 8*k + 162, 0 = -2*w + k + 324. Let v = -11 + 23. Suppose -v*i = -11*i - 18. What is the greatest common factor of i and w?
18
Let o be ((-3)/(-6))/((-28)/(-224)). Calculate the highest common factor of 43 and o.
1
Suppose 18 = -4*j + 7*j. Let v be (-9)/3 + -3 + -6. Let m be (v/5)/(j/(-15)). Calculate the highest common factor of m and 9.
3
Suppose -3*t - 10 = 2*t, 5*h - t + 18 = 0. Let s be (20 + -16)*(-3)/h. Let v be 70 - (-3)/(s/(-2)). Calculate the greatest common factor of 102 and v.
34
Suppose 4*v - 8 = 44. Let i(m) = -m**3 - m**2. Let d be i(-2). Suppose -188 = -2*q + d*a - 2*a, q + 5*a = 76. Calculate the highest common divisor of q and v.
13
Let d = -14 + 19. Suppose 0 = -d*o + 44 - 9. Calculate the highest common divisor of o and 56.
7
Let u(z) = 2*z**3 - 3*z - 4. Let s(d) = -d**3 + d**2 + 3*d + 5. Let f(w) = -2*s(w) - 3*u(w). Let i be f(-2). What is the highest common factor of i and 220?
20
Suppose 0 = -3*u - 5*k - 35, 2*u - 2*k = -3*u - 17. Let a(x) = x**3 + 7*x**2 + 10*x + 3. Let p be a(u). What is the greatest common factor of p and 24?
3
Suppose 5*d + 0*d - 330 = 2*r, 0 = 2*d - r - 132. Calculate the highest common factor of 297 and d.
33
Let o be (2 + -7)*(-24)/(-15). Let a(q) = q + 10. Let w be a(o). Calculate the greatest common divisor of 2 and w.
2
Let x be (-31)/(-2) + 1/2. Let l(r) = r**3 - 9*r**2 - 24*r + 26. Let a be l(11). What is the highest common divisor of a and x?
4
Suppose 2*c + 9 = -4*o + 13, 2*c = 5*o + 13. What is the greatest common divisor of c and 54?
2
Suppose -4*f + 270 = -2*m, 5*f + 22*m - 26*m = 330. What is the greatest common factor of f and 98?
14
Let x = -176 + 271. Let v(s) = -2*s**2 - 59*s + 9. Let u be ((-3)/1 + -3 + 35)*-1. Let l be v(u). Calculate the highest common divisor of x and l.
19
Let o be (-2454)/(-51) + (-8)/68. Suppose 36 = o*n - 47*n. What is the greatest common factor of 24 and n?
12
Let n(f) = -f**3 + 12*f**2 + 27*f + 34. Let w be n(14). Let x be (132/(-110))/((-3)/w). Calculate the highest common divisor of x and 12.
4
Suppose 504 = 17*q + 4*q. Let v be (-4)/6 - 1270/(-15). Calculate the greatest common factor of q and v.
12
Suppose -z = 582 - 650. Calculate the greatest common divisor of z and 952.
68
Let a(b) be the first derivative of -b**4/2 - 2*b**3 + b + 1. Let s be a(-4). Let n = 405 + -383. What is the greatest common divisor of s and n?
11
Let j = 28 - 25. Suppose -4*m - 70 = j*m. Let n be 2/5 - 556/m. Calculate the greatest common factor of 84 and n.
28
Suppose -6 = -3*f + 3. Suppose 0 = 5*v - 5*q + 60, -2*q - f*q + 36 = -3*v. Let s = v - -17. Calculate the highest common divisor of 40 and s.
5
Suppose -3*x + t + 27 = 0, -3*x = t - 23 - 10. Suppose v = 4*v - 213. Let a = v + -46. What is the greatest common factor of a and x?
5
Suppose -93*z - 330 = -95*z - 4*f, z - 2*f = 185. What is the greatest common factor of 75 and z?
25
Suppose 0 = d - 3*d - 10. Let r(f) = -f**2 - 8*f - 3. Let s be r(d). Calculate the greatest common factor of s and 48.
12
Let o = 2242 - 2214. Calculate the greatest common factor of 3388 and o.
28
Let r(s) be the second derivative of 1/12*s**4 - 3/2*s**2 - 4*s + 0 + 1/3*s**3. Let k be r(6). Calculate the greatest common factor of k and 15.
15
Let x be 27/9 + (-2 - -3). Suppose 90 = 2*c + x*g + 10, -166 = -4*c - 2*g. Let p be 65 - (0/(-3) - -2). Calculate the highest common factor of p and c.
21
Suppose -5*v = -5*g - 755, 3*v - 4*g = 610 - 160. Calculate the greatest common divisor of v and 22.
22
Let k(s) = -2*s + 80. Let o be k(34). What is the highest common factor of o and 252?
12
Suppose 177*v - 181*v - 48 = 0. Let g be (-153)/v + (-1)/(-4). Calculate the greatest common divisor of 1 and g.
1
Let t = 36 + -29. Suppose 90 = t*p - 106. What is the highest common factor of p and 4?
4
Suppose 12*v - 268 - 4232 = 0. What is the greatest common factor of v and 60?
15
Let v = -10 - -50. Let o = v - 38. Calculate the highest common factor of 10 and o.
2
Let y be 4 + -1 - 4 - -1*13. What is the highest common factor of y and 348?
12
Let z = -164 + 244. Calculate the highest common factor of 15 and z.
5
Suppose 2*c + 3*c - 45 = 0. Let x(d) = d**3 - 21*d**2 + 67*d + 24. Let u be x(17). Suppose -295 = -4*s - u. What is the greatest common factor of s and c?
9
Suppose -4626 = -14*l - 1126. Suppose -l*f = -248*f - 80. Let g be (-1)/(-4) - (-31)/4. What is the greatest common factor of g and f?
8
Suppose 2*t = -3*n - 10, -n - n - 6 = 2*t. Let h be (8/n)/(1/(-60)). Calculate the highest common factor of 15 and h.
15
Let a(b) = 197*b**2 - b. Suppose 9*t - 3 = 12*t. Let c be a(t). Suppose 185 - 75 = 5*j. Calculate the highest common divisor of j and c.
22
Let j = 12 + -10. Suppose -2*h - 6 = -0*h. Let i be (15/j)/(h/(-6)). What is the highest common factor of 10 and i?
5
Let b be (7 - (-1 - -1)) + 1. Let o(i) = 30*i - 5. Let t be o(11). Suppose 0 = 5*l - t + 5. What is the greatest common divisor of l and b?
8
Suppose -8*n + 29 = -11. Suppose -2*v + 32 + 22 = 4*b, n*v + 2*b = 111. What is the highest common factor of 189 and v?
21
Let h(u) = -u**2 - 6*u + 37. Let r be h(-8). Calculate the highest common divisor of r and 273.
21
Suppose 2972 = 11*q - 3683. Calculate the greatest common divisor of q and 5.
5
Let v(h) = -30*h - 3. Let b be v(-2). Let z = b + -54. What is the highest common divisor of 1 and z?
1
Suppose -282 - 972 = 6*i. Let h = i + 299. Calculate the